[INFO] cloning repository https://github.com/sbwtw/tower-tool-gui
[INFO] running `Command { std: "git" "-c" "credential.helper=" "-c" "credential.helper=/workspace/cargo-home/bin/git-credential-null" "clone" "--bare" "https://github.com/sbwtw/tower-tool-gui" "/workspace/cache/git-repos/https%3A%2F%2Fgithub.com%2Fsbwtw%2Ftower-tool-gui", kill_on_drop: false }`
[INFO] [stderr] Cloning into bare repository '/workspace/cache/git-repos/https%3A%2F%2Fgithub.com%2Fsbwtw%2Ftower-tool-gui'...
[INFO] running `Command { std: "git" "rev-parse" "HEAD", kill_on_drop: false }`
[INFO] [stdout] 679fdf9ea9bdf25a2c4a54988f32745562af59ea
[INFO] checking sbwtw/tower-tool-gui against try#72f88fc4e9458f89516a0b8b0868f3718aec5b47 for pr-74989
[INFO] running `Command { std: "git" "clone" "/workspace/cache/git-repos/https%3A%2F%2Fgithub.com%2Fsbwtw%2Ftower-tool-gui" "/workspace/builds/worker-3/source", kill_on_drop: false }`
[INFO] [stderr] Cloning into '/workspace/builds/worker-3/source'...
[INFO] [stderr] done.
[INFO] validating manifest of git repo https://github.com/sbwtw/tower-tool-gui on toolchain 72f88fc4e9458f89516a0b8b0868f3718aec5b47
[INFO] running `Command { std: "/workspace/cargo-home/bin/cargo" "+72f88fc4e9458f89516a0b8b0868f3718aec5b47" "read-manifest" "--manifest-path" "Cargo.toml", kill_on_drop: false }`
[INFO] started tweaking git repo https://github.com/sbwtw/tower-tool-gui
[INFO] finished tweaking git repo https://github.com/sbwtw/tower-tool-gui
[INFO] tweaked toml for git repo https://github.com/sbwtw/tower-tool-gui written to /workspace/builds/worker-3/source/Cargo.toml
[INFO] crate git repo https://github.com/sbwtw/tower-tool-gui already has a lockfile, it will not be regenerated
[INFO] running `Command { std: "/workspace/cargo-home/bin/cargo" "+72f88fc4e9458f89516a0b8b0868f3718aec5b47" "fetch" "--locked" "--manifest-path" "Cargo.toml", kill_on_drop: false }`
[INFO] [stderr] error: the lock file /workspace/builds/worker-3/source/Cargo.lock needs to be updated but --locked was passed to prevent this
[INFO] [stderr] If you want to try to generate the lock file without accessing the network, use the --offline flag.
[INFO] the lockfile is outdated, regenerating it
[INFO] running `Command { std: "/workspace/cargo-home/bin/cargo" "+72f88fc4e9458f89516a0b8b0868f3718aec5b47" "generate-lockfile" "--manifest-path" "Cargo.toml" "-Zno-index-update", kill_on_drop: false }`
[INFO] running `Command { std: "/workspace/cargo-home/bin/cargo" "+72f88fc4e9458f89516a0b8b0868f3718aec5b47" "fetch" "--locked" "--manifest-path" "Cargo.toml", kill_on_drop: false }`
[INFO] [stderr]  Downloading crates ...
[INFO] [stderr]   Downloaded gobject-sys v0.10.0
[INFO] [stderr]   Downloaded glib-macros v0.10.1
[INFO] [stderr]   Downloaded cairo-sys-rs v0.10.0
[INFO] [stderr]   Downloaded gdk-pixbuf-sys v0.10.0
[INFO] [stderr]   Downloaded glib v0.10.2
[INFO] [stderr]   Downloaded cairo-rs v0.9.1
[INFO] [stderr]   Downloaded gio-sys v0.10.0
[INFO] [stderr]   Downloaded gdk v0.13.2
[INFO] [stderr]   Downloaded atk v0.9.0
[INFO] [stderr]   Downloaded gtk v0.9.2
[INFO] [stderr]   Downloaded pango v0.9.1
[INFO] [stderr]   Downloaded pango-sys v0.10.0
[INFO] [stderr]   Downloaded glib-sys v0.10.0
[INFO] [stderr]   Downloaded gtk-sys v0.10.0
[INFO] [stderr]   Downloaded gdk-pixbuf v0.9.0
[INFO] [stderr]   Downloaded gio v0.9.1
[INFO] [stderr]   Downloaded atk-sys v0.10.0
[INFO] [stderr]   Downloaded gdk-sys v0.10.0
[INFO] running `Command { std: "docker" "create" "-v" "/var/lib/crater-agent-workspace/builds/worker-3/target:/opt/rustwide/target:rw,Z" "-v" "/var/lib/crater-agent-workspace/builds/worker-3/source:/opt/rustwide/workdir:ro,Z" "-v" "/var/lib/crater-agent-workspace/cargo-home:/opt/rustwide/cargo-home:ro,Z" "-v" "/var/lib/crater-agent-workspace/rustup-home:/opt/rustwide/rustup-home:ro,Z" "-e" "SOURCE_DIR=/opt/rustwide/workdir" "-e" "CARGO_TARGET_DIR=/opt/rustwide/target" "-e" "CARGO_HOME=/opt/rustwide/cargo-home" "-e" "RUSTUP_HOME=/opt/rustwide/rustup-home" "-w" "/opt/rustwide/workdir" "-m" "1610612736" "--user" "0:0" "--network" "none" "rustops/crates-build-env@sha256:d92eaeed33fa75130ca1ee6c8a01d1ffb62bac859dfdfb3450e3e5d1c0146529" "/opt/rustwide/cargo-home/bin/cargo" "+72f88fc4e9458f89516a0b8b0868f3718aec5b47" "metadata" "--no-deps" "--format-version=1", kill_on_drop: false }`
[INFO] [stdout] c45d0cbc55ebf2eb023a986c3eb828488586ad8d08153c19ec46c12b041ebe09
[INFO] [stderr] WARNING: Your kernel does not support swap limit capabilities or the cgroup is not mounted. Memory limited without swap.
[INFO] running `Command { std: "docker" "start" "-a" "c45d0cbc55ebf2eb023a986c3eb828488586ad8d08153c19ec46c12b041ebe09", kill_on_drop: false }`
[INFO] running `Command { std: "docker" "inspect" "c45d0cbc55ebf2eb023a986c3eb828488586ad8d08153c19ec46c12b041ebe09", kill_on_drop: false }`
[INFO] running `Command { std: "docker" "rm" "-f" "c45d0cbc55ebf2eb023a986c3eb828488586ad8d08153c19ec46c12b041ebe09", kill_on_drop: false }`
[INFO] [stdout] c45d0cbc55ebf2eb023a986c3eb828488586ad8d08153c19ec46c12b041ebe09
[INFO] running `Command { std: "docker" "create" "-v" "/var/lib/crater-agent-workspace/builds/worker-3/target:/opt/rustwide/target:rw,Z" "-v" "/var/lib/crater-agent-workspace/builds/worker-3/source:/opt/rustwide/workdir:ro,Z" "-v" "/var/lib/crater-agent-workspace/cargo-home:/opt/rustwide/cargo-home:ro,Z" "-v" "/var/lib/crater-agent-workspace/rustup-home:/opt/rustwide/rustup-home:ro,Z" "-e" "SOURCE_DIR=/opt/rustwide/workdir" "-e" "CARGO_TARGET_DIR=/opt/rustwide/target" "-e" "CARGO_INCREMENTAL=0" "-e" "RUST_BACKTRACE=full" "-e" "RUSTFLAGS=--cap-lints=forbid" "-e" "CARGO_HOME=/opt/rustwide/cargo-home" "-e" "RUSTUP_HOME=/opt/rustwide/rustup-home" "-w" "/opt/rustwide/workdir" "-m" "1610612736" "--user" "0:0" "--network" "none" "rustops/crates-build-env@sha256:d92eaeed33fa75130ca1ee6c8a01d1ffb62bac859dfdfb3450e3e5d1c0146529" "/opt/rustwide/cargo-home/bin/cargo" "+72f88fc4e9458f89516a0b8b0868f3718aec5b47" "check" "--frozen" "--all" "--all-targets" "--message-format=json", kill_on_drop: false }`
[INFO] [stderr] WARNING: Your kernel does not support swap limit capabilities or the cgroup is not mounted. Memory limited without swap.
[INFO] [stdout] 93282dd112f343b739ab254bb395e1250e852ca78811d2cfb056e86d6198e3ae
[INFO] running `Command { std: "docker" "start" "-a" "93282dd112f343b739ab254bb395e1250e852ca78811d2cfb056e86d6198e3ae", kill_on_drop: false }`
[INFO] [stderr]    Compiling proc-macro2 v1.0.21
[INFO] [stderr]    Compiling unicode-xid v0.2.1
[INFO] [stderr]    Compiling syn v1.0.41
[INFO] [stderr]    Compiling serde v1.0.116
[INFO] [stderr]    Compiling unicode-segmentation v1.6.0
[INFO] [stderr]    Compiling pkg-config v0.3.18
[INFO] [stderr]    Compiling version-compare v0.0.10
[INFO] [stderr]    Compiling strum v0.18.0
[INFO] [stderr]    Compiling version_check v0.9.2
[INFO] [stderr]    Compiling libc v0.2.77
[INFO] [stderr]    Compiling proc-macro-hack v0.5.18
[INFO] [stderr]    Compiling pin-project-internal v0.4.23
[INFO] [stderr]    Compiling memchr v2.3.3
[INFO] [stderr]    Compiling proc-macro-nested v0.1.6
[INFO] [stderr]     Checking futures-sink v0.3.5
[INFO] [stderr]     Checking once_cell v1.4.1
[INFO] [stderr]     Checking futures-core v0.3.5
[INFO] [stderr]    Compiling anyhow v1.0.32
[INFO] [stderr]     Checking slab v0.4.2
[INFO] [stderr]     Checking pin-utils v0.1.0
[INFO] [stderr]     Checking futures-io v0.3.5
[INFO] [stderr]    Compiling either v1.6.0
[INFO] [stderr]    Compiling bitflags v1.2.1
[INFO] [stderr]    Compiling gio v0.9.1
[INFO] [stderr]    Compiling gdk-pixbuf v0.9.0
[INFO] [stderr]    Compiling pango v0.9.1
[INFO] [stderr]    Compiling cairo-rs v0.9.1
[INFO] [stderr]    Compiling const_fn v0.4.2
[INFO] [stderr]    Compiling gdk v0.13.2
[INFO] [stderr]    Compiling atk v0.9.0
[INFO] [stderr]     Checking futures-task v0.3.5
[INFO] [stderr]     Checking futures-channel v0.3.5
[INFO] [stderr]    Compiling itertools v0.9.0
[INFO] [stderr]    Compiling heck v0.3.1
[INFO] [stderr]    Compiling proc-macro-error-attr v1.0.4
[INFO] [stderr]    Compiling proc-macro-error v1.0.4
[INFO] [stderr]    Compiling standback v0.2.10
[INFO] [stderr]    Compiling time v0.2.19
[INFO] [stderr]    Compiling gtk v0.9.2
[INFO] [stderr]    Compiling quote v1.0.7
[INFO] [stderr]    Compiling toml v0.5.6
[INFO] [stderr]    Compiling proc-macro-crate v0.1.5
[INFO] [stderr]    Compiling thiserror-impl v1.0.20
[INFO] [stderr]    Compiling strum_macros v0.18.0
[INFO] [stderr]    Compiling futures-macro v0.3.5
[INFO] [stderr]    Compiling glib-macros v0.10.1
[INFO] [stderr]    Compiling time-macros-impl v0.1.1
[INFO] [stderr]     Checking time-macros v0.1.0
[INFO] [stderr]    Compiling thiserror v1.0.20
[INFO] [stderr]    Compiling system-deps v1.3.2
[INFO] [stderr]     Checking pin-project v0.4.23
[INFO] [stderr]    Compiling glib-sys v0.10.0
[INFO] [stderr]    Compiling gobject-sys v0.10.0
[INFO] [stderr]    Compiling gio-sys v0.10.0
[INFO] [stderr]    Compiling gdk-pixbuf-sys v0.10.0
[INFO] [stderr]    Compiling cairo-sys-rs v0.10.0
[INFO] [stderr]    Compiling pango-sys v0.10.0
[INFO] [stderr]    Compiling atk-sys v0.10.0
[INFO] [stderr]    Compiling gdk-sys v0.10.0
[INFO] [stderr]    Compiling gtk-sys v0.10.0
[INFO] [stderr]     Checking futures-util v0.3.5
[INFO] [stderr]     Checking futures-executor v0.3.5
[INFO] [stderr]     Checking glib v0.10.2
[INFO] [stderr]     Checking futures v0.3.5
[INFO] [stderr]     Checking tower-weekly-gui v0.1.0 (/opt/rustwide/workdir)
[INFO] [stdout] error[E0433]: failed to resolve: could not find `NoteBook` in `gtk`
[INFO] [stdout]    --> src/main.rs:204:29
[INFO] [stdout]     |
[INFO] [stdout] 204 |         let notebook = gtk::NoteBook::new().unwrap();
[INFO] [stdout]     |                             ^^^^^^^^ could not find `NoteBook` in `gtk`
[INFO] [stdout] 
[INFO] [stdout] 
[INFO] [stdout] error[E0433]: failed to resolve: could not find `NoteBook` in `gtk`
[INFO] [stdout]    --> src/main.rs:204:29
[INFO] [stdout]     |
[INFO] [stdout] 204 |         let notebook = gtk::NoteBook::new().unwrap();
[INFO] [stdout]     |                             ^^^^^^^^ could not find `NoteBook` in `gtk`
[INFO] [stdout] 
[INFO] [stdout] 
[INFO] [stdout] error[E0412]: cannot find type `Tm` in crate `time`
[INFO] [stdout]   --> src/main.rs:55:38
[INFO] [stdout]    |
[INFO] [stdout] 55 |     fn calculate_duration(tm: &time::Tm) -> String {
[INFO] [stdout]    |                                      ^^ not found in `time`
[INFO] [stdout] 
[INFO] [stdout] 
[INFO] [stdout] error[E0425]: cannot find function `now` in crate `time`
[INFO] [stdout]   --> src/main.rs:57:36
[INFO] [stdout]    |
[INFO] [stdout] 57 |         let mut start_time = time::now();
[INFO] [stdout]    |                                    ^^^ not found in `time`
[INFO] [stdout]    |
[INFO] [stdout] help: consider importing this function
[INFO] [stdout]    |
[INFO] [stdout] 5  | use process::imp::process_inner::sys::time::inner::now;
[INFO] [stdout]    |
[INFO] [stdout] 
[INFO] [stdout] 
[INFO] [stdout] error[E0425]: cannot find function `now` in crate `time`
[INFO] [stdout]    --> src/main.rs:170:32
[INFO] [stdout]     |
[INFO] [stdout] 170 |         let current_tm = time::now();
[INFO] [stdout]     |                                ^^^ not found in `time`
[INFO] [stdout]     |
[INFO] [stdout] help: consider importing this function
[INFO] [stdout]     |
[INFO] [stdout] 5   | use process::imp::process_inner::sys::time::inner::now;
[INFO] [stdout]     |
[INFO] [stdout] 
[INFO] [stdout] 
[INFO] [stdout] error[E0425]: cannot find function `strftime` in crate `time`
[INFO] [stdout]    --> src/main.rs:171:34
[INFO] [stdout]     |
[INFO] [stdout] 171 |         let current_date = time::strftime("%F", &current_tm).unwrap();
[INFO] [stdout]     |                                  ^^^^^^^^ not found in `time`
[INFO] [stdout] 
[INFO] [stdout] 
[INFO] [stdout] error[E0425]: cannot find function `strftime` in crate `time`
[INFO] [stdout]    --> src/main.rs:172:34
[INFO] [stdout]     |
[INFO] [stdout] 172 |         let current_time = time::strftime("%R", &current_tm).unwrap();
[INFO] [stdout]     |                                  ^^^^^^^^ not found in `time`
[INFO] [stdout] 
[INFO] [stdout] 
[INFO] [stdout] error[E0603]: module `signal` is private
[INFO] [stdout]    --> src/main.rs:6:10
[INFO] [stdout]     |
[INFO] [stdout] 6   | use gtk::signal::Inhibit;
[INFO] [stdout]     |          ^^^^^^ private module
[INFO] [stdout]     |
[INFO] [stdout] note: the module `signal` is defined here
[INFO] [stdout]    --> /opt/rustwide/cargo-home/registry/src/github.com-1ecc6299db9ec823/gtk-0.9.2/src/lib.rs:251:1
[INFO] [stdout]     |
[INFO] [stdout] 251 | mod signal;
[INFO] [stdout]     | ^^^^^^^^^^^
[INFO] [stdout] 
[INFO] [stdout] 
[INFO] [stdout] warning: unused import: `std::char`
[INFO] [stdout]  --> src/main.rs:8:5
[INFO] [stdout]   |
[INFO] [stdout] 8 | use std::char;
[INFO] [stdout]   |     ^^^^^^^^^
[INFO] [stdout]   |
[INFO] [stdout]   = note: `#[warn(unused_imports)]` on by default
[INFO] [stdout] 
[INFO] [stdout] 
[INFO] [stdout] warning: unused import: `std::thread`
[INFO] [stdout]   --> src/main.rs:12:5
[INFO] [stdout]    |
[INFO] [stdout] 12 | use std::thread;
[INFO] [stdout]    |     ^^^^^^^^^^^
[INFO] [stdout] 
[INFO] [stdout] 
[INFO] [stdout] warning: unused import: `std::process`
[INFO] [stdout]   --> src/main.rs:13:5
[INFO] [stdout]    |
[INFO] [stdout] 13 | use std::process;
[INFO] [stdout]    |     ^^^^^^^^^^^^
[INFO] [stdout] 
[INFO] [stdout] 
[INFO] [stdout] warning: unused imports: `Arc`, `Mutex`
[INFO] [stdout]   --> src/main.rs:14:17
[INFO] [stdout]    |
[INFO] [stdout] 14 | use std::sync::{Arc, Mutex};
[INFO] [stdout]    |                 ^^^  ^^^^^
[INFO] [stdout] 
[INFO] [stdout] 
[INFO] [stdout] warning: unused import: `channel`
[INFO] [stdout]   --> src/main.rs:15:23
[INFO] [stdout]    |
[INFO] [stdout] 15 | use std::sync::mpsc::{channel, Receiver};
[INFO] [stdout]    |                       ^^^^^^^
[INFO] [stdout] 
[INFO] [stdout] 
[INFO] [stdout] error[E0412]: cannot find type `Tm` in crate `time`
[INFO] [stdout]   --> src/main.rs:55:38
[INFO] [stdout]    |
[INFO] [stdout] 55 |     fn calculate_duration(tm: &time::Tm) -> String {
[INFO] [stdout]    |                                      ^^ not found in `time`
[INFO] [stdout] 
[INFO] [stdout] 
[INFO] [stdout] error[E0425]: cannot find function `now` in crate `time`
[INFO] [stdout]   --> src/main.rs:57:36
[INFO] [stdout]    |
[INFO] [stdout] 57 |         let mut start_time = time::now();
[INFO] [stdout]    |                                    ^^^ not found in `time`
[INFO] [stdout]    |
[INFO] [stdout] help: consider importing this function
[INFO] [stdout]    |
[INFO] [stdout] 5  | use process::imp::process_inner::sys::time::inner::now;
[INFO] [stdout]    |
[INFO] [stdout] 
[INFO] [stdout] 
[INFO] [stdout] error[E0425]: cannot find function `now` in crate `time`
[INFO] [stdout]    --> src/main.rs:170:32
[INFO] [stdout]     |
[INFO] [stdout] 170 |         let current_tm = time::now();
[INFO] [stdout]     |                                ^^^ not found in `time`
[INFO] [stdout]     |
[INFO] [stdout] help: consider importing this function
[INFO] [stdout]     |
[INFO] [stdout] 5   | use process::imp::process_inner::sys::time::inner::now;
[INFO] [stdout]     |
[INFO] [stdout] 
[INFO] [stdout] 
[INFO] [stdout] error[E0425]: cannot find function `strftime` in crate `time`
[INFO] [stdout]    --> src/main.rs:171:34
[INFO] [stdout]     |
[INFO] [stdout] 171 |         let current_date = time::strftime("%F", &current_tm).unwrap();
[INFO] [stdout]     |                                  ^^^^^^^^ not found in `time`
[INFO] [stdout] 
[INFO] [stdout] 
[INFO] [stdout] error[E0425]: cannot find function `strftime` in crate `time`
[INFO] [stdout]    --> src/main.rs:172:34
[INFO] [stdout]     |
[INFO] [stdout] 172 |         let current_time = time::strftime("%R", &current_tm).unwrap();
[INFO] [stdout]     |                                  ^^^^^^^^ not found in `time`
[INFO] [stdout] 
[INFO] [stdout] 
[INFO] [stdout] error[E0425]: cannot find function `now` in crate `time`
[INFO] [stdout]    --> src/main.rs:273:26
[INFO] [stdout]     |
[INFO] [stdout] 273 |     let mut time = time::now();
[INFO] [stdout]     |                          ^^^ not found in `time`
[INFO] [stdout]     |
[INFO] [stdout] help: consider importing this function
[INFO] [stdout]     |
[INFO] [stdout] 5   | use process::imp::process_inner::sys::time::inner::now;
[INFO] [stdout]     |
[INFO] [stdout] 
[INFO] [stdout] 
[INFO] [stdout] error[E0603]: module `signal` is private
[INFO] [stdout]    --> src/main.rs:6:10
[INFO] [stdout]     |
[INFO] [stdout] 6   | use gtk::signal::Inhibit;
[INFO] [stdout]     |          ^^^^^^ private module
[INFO] [stdout]     |
[INFO] [stdout] note: the module `signal` is defined here
[INFO] [stdout]    --> /opt/rustwide/cargo-home/registry/src/github.com-1ecc6299db9ec823/gtk-0.9.2/src/lib.rs:251:1
[INFO] [stdout]     |
[INFO] [stdout] 251 | mod signal;
[INFO] [stdout]     | ^^^^^^^^^^^
[INFO] [stdout] 
[INFO] [stdout] 
[INFO] [stdout] warning: unused import: `std::char`
[INFO] [stdout]  --> src/main.rs:8:5
[INFO] [stdout]   |
[INFO] [stdout] 8 | use std::char;
[INFO] [stdout]   |     ^^^^^^^^^
[INFO] [stdout]   |
[INFO] [stdout]   = note: `#[warn(unused_imports)]` on by default
[INFO] [stdout] 
[INFO] [stdout] 
[INFO] [stdout] warning: unused import: `std::thread`
[INFO] [stdout]   --> src/main.rs:12:5
[INFO] [stdout]    |
[INFO] [stdout] 12 | use std::thread;
[INFO] [stdout]    |     ^^^^^^^^^^^
[INFO] [stdout] 
[INFO] [stdout] 
[INFO] [stdout] warning: unused import: `std::process`
[INFO] [stdout]   --> src/main.rs:13:5
[INFO] [stdout]    |
[INFO] [stdout] 13 | use std::process;
[INFO] [stdout]    |     ^^^^^^^^^^^^
[INFO] [stdout] 
[INFO] [stdout] 
[INFO] [stdout] warning: unused imports: `Arc`, `Mutex`
[INFO] [stdout]   --> src/main.rs:14:17
[INFO] [stdout]    |
[INFO] [stdout] 14 | use std::sync::{Arc, Mutex};
[INFO] [stdout]    |                 ^^^  ^^^^^
[INFO] [stdout] 
[INFO] [stdout] 
[INFO] [stdout] warning: unused import: `channel`
[INFO] [stdout]   --> src/main.rs:15:23
[INFO] [stdout]    |
[INFO] [stdout] 15 | use std::sync::mpsc::{channel, Receiver};
[INFO] [stdout]    |                       ^^^^^^^
[INFO] [stdout] 
[INFO] [stdout] 
[INFO] [stdout] error[E0308]: mismatched types
[INFO] [stdout]   --> src/main.rs:52:9
[INFO] [stdout]    |
[INFO] [stdout] 46 |     fn get_text_view_string(buf: &gtk::TextView) -> String {
[INFO] [stdout]    |                                                     ------ expected `String` because of return type
[INFO] [stdout] ...
[INFO] [stdout] 52 |         start.get_text(&end).unwrap()
[INFO] [stdout]    |         ^^^^^^^^^^^^^^^^^^^^^^^^^^^^^
[INFO] [stdout]    |         |
[INFO] [stdout]    |         expected struct `String`, found struct `glib::gstring::GString`
[INFO] [stdout]    |         help: try using a conversion method: `start.get_text(&end).unwrap().to_string()`
[INFO] [stdout] 
[INFO] [stdout] 
[INFO] [stdout] error[E0308]: mismatched types
[INFO] [stdout]    --> src/main.rs:111:40
[INFO] [stdout]     |
[INFO] [stdout] 111 |         let label_mo = gtk::Label::new("Mo").unwrap();
[INFO] [stdout]     |                                        ^^^^
[INFO] [stdout]     |                                        |
[INFO] [stdout]     |                                        expected enum `Option`, found `&str`
[INFO] [stdout]     |                                        help: try using a variant of the expected enum: `Some("Mo")`
[INFO] [stdout]     |
[INFO] [stdout]     = note:   expected enum `Option<&str>`
[INFO] [stdout]             found reference `&'static str`
[INFO] [stdout] 
[INFO] [stdout] 
[INFO] [stdout] error[E0599]: no method named `unwrap` found for struct `Label` in the current scope
[INFO] [stdout]    --> src/main.rs:111:46
[INFO] [stdout]     |
[INFO] [stdout] 111 |         let label_mo = gtk::Label::new("Mo").unwrap();
[INFO] [stdout]     |                                              ^^^^^^ method not found in `Label`
[INFO] [stdout] 
[INFO] [stdout] 
[INFO] [stdout] error[E0308]: mismatched types
[INFO] [stdout]   --> src/main.rs:52:9
[INFO] [stdout]    |
[INFO] [stdout] 46 |     fn get_text_view_string(buf: &gtk::TextView) -> String {
[INFO] [stdout]    |                                                     ------ expected `String` because of return type
[INFO] [stdout] ...
[INFO] [stdout] 52 |         start.get_text(&end).unwrap()
[INFO] [stdout]    |         ^^^^^^^^^^^^^^^^^^^^^^^^^^^^^
[INFO] [stdout]    |         |
[INFO] [stdout]    |         expected struct `String`, found struct `glib::gstring::GString`
[INFO] [stdout]    |         help: try using a conversion method: `start.get_text(&end).unwrap().to_string()`
[INFO] [stdout] 
[INFO] [stdout] 
[INFO] [stdout] error[E0308]: mismatched types
[INFO] [stdout]    --> src/main.rs:113:40
[INFO] [stdout]     |
[INFO] [stdout] 113 |         let label_tu = gtk::Label::new("Tu").unwrap();
[INFO] [stdout]     |                                        ^^^^
[INFO] [stdout]     |                                        |
[INFO] [stdout]     |                                        expected enum `Option`, found `&str`
[INFO] [stdout]     |                                        help: try using a variant of the expected enum: `Some("Tu")`
[INFO] [stdout]     |
[INFO] [stdout]     = note:   expected enum `Option<&str>`
[INFO] [stdout]             found reference `&'static str`
[INFO] [stdout] 
[INFO] [stdout] 
[INFO] [stdout] error[E0599]: no method named `unwrap` found for struct `Label` in the current scope
[INFO] [stdout]    --> src/main.rs:113:46
[INFO] [stdout]     |
[INFO] [stdout] 113 |         let label_tu = gtk::Label::new("Tu").unwrap();
[INFO] [stdout]     |                                              ^^^^^^ method not found in `Label`
[INFO] [stdout] 
[INFO] [stdout] 
[INFO] [stdout] error[E0308]: mismatched types
[INFO] [stdout]    --> src/main.rs:111:40
[INFO] [stdout]     |
[INFO] [stdout] 111 |         let label_mo = gtk::Label::new("Mo").unwrap();
[INFO] [stdout]     |                                        ^^^^
[INFO] [stdout]     |                                        |
[INFO] [stdout]     |                                        expected enum `Option`, found `&str`
[INFO] [stdout]     |                                        help: try using a variant of the expected enum: `Some("Mo")`
[INFO] [stdout]     |
[INFO] [stdout]     = note:   expected enum `Option<&str>`
[INFO] [stdout]             found reference `&'static str`
[INFO] [stdout] 
[INFO] [stdout] 
[INFO] [stdout] error[E0308]: mismatched types
[INFO] [stdout]    --> src/main.rs:115:40
[INFO] [stdout]     |
[INFO] [stdout] 115 |         let label_we = gtk::Label::new("We").unwrap();
[INFO] [stdout]     |                                        ^^^^
[INFO] [stdout]     |                                        |
[INFO] [stdout]     |                                        expected enum `Option`, found `&str`
[INFO] [stdout]     |                                        help: try using a variant of the expected enum: `Some("We")`
[INFO] [stdout]     |
[INFO] [stdout]     = note:   expected enum `Option<&str>`
[INFO] [stdout]             found reference `&'static str`
[INFO] [stdout] 
[INFO] [stdout] 
[INFO] [stdout] error[E0599]: no method named `unwrap` found for struct `Label` in the current scope
[INFO] [stdout]    --> src/main.rs:115:46
[INFO] [stdout]     |
[INFO] [stdout] 115 |         let label_we = gtk::Label::new("We").unwrap();
[INFO] [stdout]     |                                              ^^^^^^ method not found in `Label`
[INFO] [stdout] 
[INFO] [stdout] 
[INFO] [stdout] error[E0599]: no method named `unwrap` found for struct `Label` in the current scope
[INFO] [stdout]    --> src/main.rs:111:46
[INFO] [stdout]     |
[INFO] [stdout] 111 |         let label_mo = gtk::Label::new("Mo").unwrap();
[INFO] [stdout]     |                                              ^^^^^^ method not found in `Label`
[INFO] [stdout] 
[INFO] [stdout] 
[INFO] [stdout] error[E0308]: mismatched types
[INFO] [stdout]    --> src/main.rs:117:40
[INFO] [stdout]     |
[INFO] [stdout] 117 |         let label_th = gtk::Label::new("Th").unwrap();
[INFO] [stdout]     |                                        ^^^^
[INFO] [stdout]     |                                        |
[INFO] [stdout]     |                                        expected enum `Option`, found `&str`
[INFO] [stdout]     |                                        help: try using a variant of the expected enum: `Some("Th")`
[INFO] [stdout]     |
[INFO] [stdout]     = note:   expected enum `Option<&str>`
[INFO] [stdout]             found reference `&'static str`
[INFO] [stdout] 
[INFO] [stdout] 
[INFO] [stdout] error[E0599]: no method named `unwrap` found for struct `Label` in the current scope
[INFO] [stdout]    --> src/main.rs:117:46
[INFO] [stdout]     |
[INFO] [stdout] 117 |         let label_th = gtk::Label::new("Th").unwrap();
[INFO] [stdout]     |                                              ^^^^^^ method not found in `Label`
[INFO] [stdout] 
[INFO] [stdout] 
[INFO] [stdout] error[E0308]: mismatched types
[INFO] [stdout]    --> src/main.rs:113:40
[INFO] [stdout]     |
[INFO] [stdout] 113 |         let label_tu = gtk::Label::new("Tu").unwrap();
[INFO] [stdout]     |                                        ^^^^
[INFO] [stdout]     |                                        |
[INFO] [stdout]     |                                        expected enum `Option`, found `&str`
[INFO] [stdout]     |                                        help: try using a variant of the expected enum: `Some("Tu")`
[INFO] [stdout]     |
[INFO] [stdout]     = note:   expected enum `Option<&str>`
[INFO] [stdout]             found reference `&'static str`
[INFO] [stdout] 
[INFO] [stdout] 
[INFO] [stdout] error[E0599]: no method named `unwrap` found for struct `Label` in the current scope
[INFO] [stdout]    --> src/main.rs:113:46
[INFO] [stdout]     |
[INFO] [stdout] 113 |         let label_tu = gtk::Label::new("Tu").unwrap();
[INFO] [stdout]     |                                              ^^^^^^ method not found in `Label`
[INFO] [stdout] 
[INFO] [stdout] 
[INFO] [stdout] error[E0308]: mismatched types
[INFO] [stdout]    --> src/main.rs:119:40
[INFO] [stdout]     |
[INFO] [stdout] 119 |         let label_fr = gtk::Label::new("Fr").unwrap();
[INFO] [stdout]     |                                        ^^^^
[INFO] [stdout]     |                                        |
[INFO] [stdout]     |                                        expected enum `Option`, found `&str`
[INFO] [stdout]     |                                        help: try using a variant of the expected enum: `Some("Fr")`
[INFO] [stdout]     |
[INFO] [stdout]     = note:   expected enum `Option<&str>`
[INFO] [stdout]             found reference `&'static str`
[INFO] [stdout] 
[INFO] [stdout] 
[INFO] [stdout] error[E0599]: no method named `unwrap` found for struct `Label` in the current scope
[INFO] [stdout]    --> src/main.rs:119:46
[INFO] [stdout]     |
[INFO] [stdout] 119 |         let label_fr = gtk::Label::new("Fr").unwrap();
[INFO] [stdout]     |                                              ^^^^^^ method not found in `Label`
[INFO] [stdout] 
[INFO] [stdout] 
[INFO] [stdout] error[E0308]: mismatched types
[INFO] [stdout]    --> src/main.rs:115:40
[INFO] [stdout]     |
[INFO] [stdout] 115 |         let label_we = gtk::Label::new("We").unwrap();
[INFO] [stdout]     |                                        ^^^^
[INFO] [stdout]     |                                        |
[INFO] [stdout]     |                                        expected enum `Option`, found `&str`
[INFO] [stdout]     |                                        help: try using a variant of the expected enum: `Some("We")`
[INFO] [stdout]     |
[INFO] [stdout]     = note:   expected enum `Option<&str>`
[INFO] [stdout]             found reference `&'static str`
[INFO] [stdout] 
[INFO] [stdout] 
[INFO] [stdout] error[E0308]: mismatched types
[INFO] [stdout]    --> src/main.rs:121:40
[INFO] [stdout]     |
[INFO] [stdout] 121 |         let label_m1 = gtk::Label::new("M1").unwrap();
[INFO] [stdout]     |                                        ^^^^
[INFO] [stdout]     |                                        |
[INFO] [stdout]     |                                        expected enum `Option`, found `&str`
[INFO] [stdout]     |                                        help: try using a variant of the expected enum: `Some("M1")`
[INFO] [stdout]     |
[INFO] [stdout]     = note:   expected enum `Option<&str>`
[INFO] [stdout]             found reference `&'static str`
[INFO] [stdout] 
[INFO] [stdout] 
[INFO] [stdout] error[E0599]: no method named `unwrap` found for struct `Label` in the current scope
[INFO] [stdout]    --> src/main.rs:121:46
[INFO] [stdout]     |
[INFO] [stdout] 121 |         let label_m1 = gtk::Label::new("M1").unwrap();
[INFO] [stdout]     |                                              ^^^^^^ method not found in `Label`
[INFO] [stdout] 
[INFO] [stdout] 
[INFO] [stdout] error[E0599]: no method named `unwrap` found for struct `Label` in the current scope
[INFO] [stdout]    --> src/main.rs:115:46
[INFO] [stdout]     |
[INFO] [stdout] 115 |         let label_we = gtk::Label::new("We").unwrap();
[INFO] [stdout]     |                                              ^^^^^^ method not found in `Label`
[INFO] [stdout] 
[INFO] [stdout] 
[INFO] [stdout] error[E0308]: mismatched types
[INFO] [stdout]    --> src/main.rs:123:40
[INFO] [stdout]     |
[INFO] [stdout] 123 |         let label_m2 = gtk::Label::new("M2").unwrap();
[INFO] [stdout]     |                                        ^^^^
[INFO] [stdout]     |                                        |
[INFO] [stdout]     |                                        expected enum `Option`, found `&str`
[INFO] [stdout]     |                                        help: try using a variant of the expected enum: `Some("M2")`
[INFO] [stdout]     |
[INFO] [stdout]     = note:   expected enum `Option<&str>`
[INFO] [stdout]             found reference `&'static str`
[INFO] [stdout] 
[INFO] [stdout] 
[INFO] [stdout] error[E0599]: no method named `unwrap` found for struct `Label` in the current scope
[INFO] [stdout]    --> src/main.rs:123:46
[INFO] [stdout]     |
[INFO] [stdout] 123 |         let label_m2 = gtk::Label::new("M2").unwrap();
[INFO] [stdout]     |                                              ^^^^^^ method not found in `Label`
[INFO] [stdout] 
[INFO] [stdout] 
[INFO] [stdout] error[E0599]: no method named `unwrap` found for struct `TextView` in the current scope
[INFO] [stdout]    --> src/main.rs:126:45
[INFO] [stdout]     |
[INFO] [stdout] 126 |         let entry_mo = gtk::TextView::new().unwrap();
[INFO] [stdout]     |                                             ^^^^^^ method not found in `TextView`
[INFO] [stdout] 
[INFO] [stdout] 
[INFO] [stdout] error[E0599]: no method named `unwrap` found for struct `TextView` in the current scope
[INFO] [stdout]    --> src/main.rs:127:45
[INFO] [stdout]     |
[INFO] [stdout] 127 |         let entry_tu = gtk::TextView::new().unwrap();
[INFO] [stdout]     |                                             ^^^^^^ method not found in `TextView`
[INFO] [stdout] 
[INFO] [stdout] 
[INFO] [stdout] error[E0599]: no method named `unwrap` found for struct `TextView` in the current scope
[INFO] [stdout]    --> src/main.rs:128:45
[INFO] [stdout]     |
[INFO] [stdout] 128 |         let entry_we = gtk::TextView::new().unwrap();
[INFO] [stdout]     |                                             ^^^^^^ method not found in `TextView`
[INFO] [stdout] 
[INFO] [stdout] 
[INFO] [stdout] error[E0599]: no method named `unwrap` found for struct `TextView` in the current scope
[INFO] [stdout]    --> src/main.rs:129:45
[INFO] [stdout]     |
[INFO] [stdout] 129 |         let entry_th = gtk::TextView::new().unwrap();
[INFO] [stdout]     |                                             ^^^^^^ method not found in `TextView`
[INFO] [stdout] 
[INFO] [stdout] 
[INFO] [stdout] error[E0599]: no method named `unwrap` found for struct `TextView` in the current scope
[INFO] [stdout]    --> src/main.rs:130:45
[INFO] [stdout]     |
[INFO] [stdout] 130 |         let entry_fr = gtk::TextView::new().unwrap();
[INFO] [stdout]     |                                             ^^^^^^ method not found in `TextView`
[INFO] [stdout] 
[INFO] [stdout] 
[INFO] [stdout] error[E0308]: mismatched types
[INFO] [stdout]    --> src/main.rs:117:40
[INFO] [stdout]     |
[INFO] [stdout] 117 |         let label_th = gtk::Label::new("Th").unwrap();
[INFO] [stdout]     |                                        ^^^^
[INFO] [stdout]     |                                        |
[INFO] [stdout]     |                                        expected enum `Option`, found `&str`
[INFO] [stdout]     |                                        help: try using a variant of the expected enum: `Some("Th")`
[INFO] [stdout]     |
[INFO] [stdout]     = note:   expected enum `Option<&str>`
[INFO] [stdout]             found reference `&'static str`
[INFO] [stdout] 
[INFO] [stdout] 
[INFO] [stdout] error[E0599]: no method named `unwrap` found for struct `TextView` in the current scope
[INFO] [stdout]    --> src/main.rs:131:45
[INFO] [stdout]     |
[INFO] [stdout] 131 |         let entry_m1 = gtk::TextView::new().unwrap();
[INFO] [stdout]     |                                             ^^^^^^ method not found in `TextView`
[INFO] [stdout] 
[INFO] [stdout] 
[INFO] [stdout] error[E0599]: no method named `unwrap` found for struct `Label` in the current scope
[INFO] [stdout]    --> src/main.rs:117:46
[INFO] [stdout]     |
[INFO] [stdout] 117 |         let label_th = gtk::Label::new("Th").unwrap();
[INFO] [stdout]     |                                              ^^^^^^ method not found in `Label`
[INFO] [stdout] 
[INFO] [stdout] 
[INFO] [stdout] error[E0599]: no method named `unwrap` found for struct `TextView` in the current scope
[INFO] [stdout]    --> src/main.rs:132:45
[INFO] [stdout]     |
[INFO] [stdout] 132 |         let entry_m2 = gtk::TextView::new().unwrap();
[INFO] [stdout]     |                                             ^^^^^^ method not found in `TextView`
[INFO] [stdout] 
[INFO] [stdout] 
[INFO] [stdout] error[E0599]: no function or associated item named `new_with_label` found for struct `gtk::Button` in the current scope
[INFO] [stdout]    --> src/main.rs:134:39
[INFO] [stdout]     |
[INFO] [stdout] 134 |         let btn_submit = gtk::Button::new_with_label("Submit").unwrap();
[INFO] [stdout]     |                                       ^^^^^^^^^^^^^^
[INFO] [stdout]     |                                       |
[INFO] [stdout]     |                                       function or associated item not found in `gtk::Button`
[INFO] [stdout]     |                                       help: there is an associated function with a similar name: `with_label`
[INFO] [stdout] 
[INFO] [stdout] 
[INFO] [stdout] error[E0599]: no function or associated item named `new_with_label` found for struct `gtk::Button` in the current scope
[INFO] [stdout]    --> src/main.rs:135:39
[INFO] [stdout]     |
[INFO] [stdout] 135 |         let btn_import = gtk::Button::new_with_label("Import").unwrap();
[INFO] [stdout]     |                                       ^^^^^^^^^^^^^^
[INFO] [stdout]     |                                       |
[INFO] [stdout]     |                                       function or associated item not found in `gtk::Button`
[INFO] [stdout]     |                                       help: there is an associated function with a similar name: `with_label`
[INFO] [stdout] 
[INFO] [stdout] 
[INFO] [stdout] error[E0599]: no method named `unwrap` found for struct `gtk::Box` in the current scope
[INFO] [stdout]    --> src/main.rs:137:74
[INFO] [stdout]     |
[INFO] [stdout] 137 |         let btns_layout = gtk::Box::new(gtk::Orientation::Horizontal, 5).unwrap();
[INFO] [stdout]     |                                                                          ^^^^^^ method not found in `gtk::Box`
[INFO] [stdout] 
[INFO] [stdout] 
[INFO] [stdout] error[E0599]: no method named `unwrap` found for struct `gtk::Box` in the current scope
[INFO] [stdout]    --> src/main.rs:142:74
[INFO] [stdout]     |
[INFO] [stdout] 142 |         let weekly_layout = gtk::Box::new(gtk::Orientation::Vertical, 5).unwrap();
[INFO] [stdout]     |                                                                          ^^^^^^ method not found in `gtk::Box`
[INFO] [stdout] 
[INFO] [stdout] 
[INFO] [stdout] error[E0599]: no method named `unwrap` found for struct `Separator` in the current scope
[INFO] [stdout]    --> src/main.rs:158:78
[INFO] [stdout]     |
[INFO] [stdout] 158 |         weekly_layout.add(&gtk::Separator::new(gtk::Orientation::Horizontal).unwrap());
[INFO] [stdout]     |                                                                              ^^^^^^ method not found in `Separator`
[INFO] [stdout] 
[INFO] [stdout] 
[INFO] [stdout] error[E0308]: mismatched types
[INFO] [stdout]    --> src/main.rs:161:45
[INFO] [stdout]     |
[INFO] [stdout] 161 |         let overtime_date = gtk::Label::new("Date").unwrap();
[INFO] [stdout]     |                                             ^^^^^^
[INFO] [stdout]     |                                             |
[INFO] [stdout]     |                                             expected enum `Option`, found `&str`
[INFO] [stdout]     |                                             help: try using a variant of the expected enum: `Some("Date")`
[INFO] [stdout]     |
[INFO] [stdout]     = note:   expected enum `Option<&str>`
[INFO] [stdout]             found reference `&'static str`
[INFO] [stdout] 
[INFO] [stdout] 
[INFO] [stdout] error[E0599]: no method named `unwrap` found for struct `Label` in the current scope
[INFO] [stdout]    --> src/main.rs:161:53
[INFO] [stdout]     |
[INFO] [stdout] 161 |         let overtime_date = gtk::Label::new("Date").unwrap();
[INFO] [stdout]     |                                                     ^^^^^^ method not found in `Label`
[INFO] [stdout] 
[INFO] [stdout] 
[INFO] [stdout] error[E0308]: mismatched types
[INFO] [stdout]    --> src/main.rs:119:40
[INFO] [stdout]     |
[INFO] [stdout] 119 |         let label_fr = gtk::Label::new("Fr").unwrap();
[INFO] [stdout]     |                                        ^^^^
[INFO] [stdout]     |                                        |
[INFO] [stdout]     |                                        expected enum `Option`, found `&str`
[INFO] [stdout]     |                                        help: try using a variant of the expected enum: `Some("Fr")`
[INFO] [stdout]     |
[INFO] [stdout]     = note:   expected enum `Option<&str>`
[INFO] [stdout]             found reference `&'static str`
[INFO] [stdout] 
[INFO] [stdout] 
[INFO] [stdout] error[E0599]: no method named `unwrap` found for struct `Label` in the current scope
[INFO] [stdout]    --> src/main.rs:119:46
[INFO] [stdout]     |
[INFO] [stdout] 119 |         let label_fr = gtk::Label::new("Fr").unwrap();
[INFO] [stdout]     |                                              ^^^^^^ method not found in `Label`
[INFO] [stdout] 
[INFO] [stdout] 
[INFO] [stdout] error[E0308]: mismatched types
[INFO] [stdout]    --> src/main.rs:121:40
[INFO] [stdout]     |
[INFO] [stdout] 121 |         let label_m1 = gtk::Label::new("M1").unwrap();
[INFO] [stdout]     |                                        ^^^^
[INFO] [stdout]     |                                        |
[INFO] [stdout]     |                                        expected enum `Option`, found `&str`
[INFO] [stdout]     |                                        help: try using a variant of the expected enum: `Some("M1")`
[INFO] [stdout]     |
[INFO] [stdout]     = note:   expected enum `Option<&str>`
[INFO] [stdout]             found reference `&'static str`
[INFO] [stdout] 
[INFO] [stdout] 
[INFO] [stdout] error[E0308]: mismatched types
[INFO] [stdout]    --> src/main.rs:163:47
[INFO] [stdout]     |
[INFO] [stdout] 163 |         let overtime_reason = gtk::Label::new("Reason").unwrap();
[INFO] [stdout]     |                                               ^^^^^^^^
[INFO] [stdout]     |                                               |
[INFO] [stdout]     |                                               expected enum `Option`, found `&str`
[INFO] [stdout]     |                                               help: try using a variant of the expected enum: `Some("Reason")`
[INFO] [stdout]     |
[INFO] [stdout]     = note:   expected enum `Option<&str>`
[INFO] [stdout]             found reference `&'static str`
[INFO] [stdout] 
[INFO] [stdout] 
[INFO] [stdout] error[E0599]: no method named `unwrap` found for struct `Label` in the current scope
[INFO] [stdout]    --> src/main.rs:121:46
[INFO] [stdout]     |
[INFO] [stdout] 121 |         let label_m1 = gtk::Label::new("M1").unwrap();
[INFO] [stdout]     |                                              ^^^^^^ method not found in `Label`
[INFO] [stdout] 
[INFO] [stdout] 
[INFO] [stdout] error[E0599]: no method named `unwrap` found for struct `Label` in the current scope
[INFO] [stdout]    --> src/main.rs:163:57
[INFO] [stdout]     |
[INFO] [stdout] 163 |         let overtime_reason = gtk::Label::new("Reason").unwrap();
[INFO] [stdout]     |                                                         ^^^^^^ method not found in `Label`
[INFO] [stdout] 
[INFO] [stdout] 
[INFO] [stdout] error[E0308]: mismatched types
[INFO] [stdout]    --> src/main.rs:123:40
[INFO] [stdout]     |
[INFO] [stdout] 123 |         let label_m2 = gtk::Label::new("M2").unwrap();
[INFO] [stdout]     |                                        ^^^^
[INFO] [stdout]     |                                        |
[INFO] [stdout]     |                                        expected enum `Option`, found `&str`
[INFO] [stdout]     |                                        help: try using a variant of the expected enum: `Some("M2")`
[INFO] [stdout]     |
[INFO] [stdout]     = note:   expected enum `Option<&str>`
[INFO] [stdout]             found reference `&'static str`
[INFO] [stdout] 
[INFO] [stdout] 
[INFO] [stdout] error[E0599]: no method named `unwrap` found for struct `Label` in the current scope
[INFO] [stdout]    --> src/main.rs:123:46
[INFO] [stdout]     |
[INFO] [stdout] 123 |         let label_m2 = gtk::Label::new("M2").unwrap();
[INFO] [stdout]     |                                              ^^^^^^ method not found in `Label`
[INFO] [stdout] 
[INFO] [stdout] 
[INFO] [stdout] error[E0599]: no method named `unwrap` found for struct `TextView` in the current scope
[INFO] [stdout]    --> src/main.rs:126:45
[INFO] [stdout]     |
[INFO] [stdout] 126 |         let entry_mo = gtk::TextView::new().unwrap();
[INFO] [stdout]     |                                             ^^^^^^ method not found in `TextView`
[INFO] [stdout] 
[INFO] [stdout] 
[INFO] [stdout] error[E0599]: no method named `unwrap` found for struct `TextView` in the current scope
[INFO] [stdout]    --> src/main.rs:127:45
[INFO] [stdout]     |
[INFO] [stdout] 127 |         let entry_tu = gtk::TextView::new().unwrap();
[INFO] [stdout]     |                                             ^^^^^^ method not found in `TextView`
[INFO] [stdout] 
[INFO] [stdout] 
[INFO] [stdout] error[E0599]: no method named `unwrap` found for struct `TextView` in the current scope
[INFO] [stdout]    --> src/main.rs:128:45
[INFO] [stdout]     |
[INFO] [stdout] 128 |         let entry_we = gtk::TextView::new().unwrap();
[INFO] [stdout]     |                                             ^^^^^^ method not found in `TextView`
[INFO] [stdout] 
[INFO] [stdout] 
[INFO] [stdout] error[E0599]: no method named `unwrap` found for struct `TextView` in the current scope
[INFO] [stdout]    --> src/main.rs:129:45
[INFO] [stdout]     |
[INFO] [stdout] 129 |         let entry_th = gtk::TextView::new().unwrap();
[INFO] [stdout]     |                                             ^^^^^^ method not found in `TextView`
[INFO] [stdout] 
[INFO] [stdout] 
[INFO] [stdout] error[E0599]: no method named `unwrap` found for struct `TextView` in the current scope
[INFO] [stdout]    --> src/main.rs:130:45
[INFO] [stdout]     |
[INFO] [stdout] 130 |         let entry_fr = gtk::TextView::new().unwrap();
[INFO] [stdout]     |                                             ^^^^^^ method not found in `TextView`
[INFO] [stdout] 
[INFO] [stdout] 
[INFO] [stdout] error[E0599]: no method named `unwrap` found for struct `TextView` in the current scope
[INFO] [stdout]    --> src/main.rs:131:45
[INFO] [stdout]     |
[INFO] [stdout] 131 |         let entry_m1 = gtk::TextView::new().unwrap();
[INFO] [stdout]     |                                             ^^^^^^ method not found in `TextView`
[INFO] [stdout] 
[INFO] [stdout] 
[INFO] [stdout] error[E0308]: mismatched types
[INFO] [stdout]    --> src/main.rs:165:52
[INFO] [stdout]     |
[INFO] [stdout] 165 |         let overtime_finish_time = gtk::Label::new("Finish time").unwrap();
[INFO] [stdout]     |                                                    ^^^^^^^^^^^^^
[INFO] [stdout]     |                                                    |
[INFO] [stdout]     |                                                    expected enum `Option`, found `&str`
[INFO] [stdout]     |                                                    help: try using a variant of the expected enum: `Some("Finish time")`
[INFO] [stdout]     |
[INFO] [stdout]     = note:   expected enum `Option<&str>`
[INFO] [stdout]             found reference `&'static str`
[INFO] [stdout] 
[INFO] [stdout] 
[INFO] [stdout] error[E0599]: no method named `unwrap` found for struct `TextView` in the current scope
[INFO] [stdout]    --> src/main.rs:132:45
[INFO] [stdout]     |
[INFO] [stdout] 132 |         let entry_m2 = gtk::TextView::new().unwrap();
[INFO] [stdout]     |                                             ^^^^^^ method not found in `TextView`
[INFO] [stdout] 
[INFO] [stdout] 
[INFO] [stdout] error[E0599]: no function or associated item named `new_with_label` found for struct `gtk::Button` in the current scope
[INFO] [stdout]    --> src/main.rs:134:39
[INFO] [stdout]     |
[INFO] [stdout] 134 |         let btn_submit = gtk::Button::new_with_label("Submit").unwrap();
[INFO] [stdout]     |                                       ^^^^^^^^^^^^^^
[INFO] [stdout]     |                                       |
[INFO] [stdout]     |                                       function or associated item not found in `gtk::Button`
[INFO] [stdout]     |                                       help: there is an associated function with a similar name: `with_label`
[INFO] [stdout] 
[INFO] [stdout] 
[INFO] [stdout] error[E0599]: no method named `unwrap` found for struct `Label` in the current scope
[INFO] [stdout]    --> src/main.rs:165:67
[INFO] [stdout]     |
[INFO] [stdout] 165 |         let overtime_finish_time = gtk::Label::new("Finish time").unwrap();
[INFO] [stdout]     |                                                                   ^^^^^^ method not found in `Label`
[INFO] [stdout] 
[INFO] [stdout] 
[INFO] [stdout] error[E0599]: no function or associated item named `new_with_label` found for struct `gtk::Button` in the current scope
[INFO] [stdout]    --> src/main.rs:135:39
[INFO] [stdout]     |
[INFO] [stdout] 135 |         let btn_import = gtk::Button::new_with_label("Import").unwrap();
[INFO] [stdout]     |                                       ^^^^^^^^^^^^^^
[INFO] [stdout]     |                                       |
[INFO] [stdout]     |                                       function or associated item not found in `gtk::Button`
[INFO] [stdout]     |                                       help: there is an associated function with a similar name: `with_label`
[INFO] [stdout] 
[INFO] [stdout] 
[INFO] [stdout] error[E0599]: no method named `unwrap` found for struct `gtk::Box` in the current scope
[INFO] [stdout]    --> src/main.rs:137:74
[INFO] [stdout]     |
[INFO] [stdout] 137 |         let btns_layout = gtk::Box::new(gtk::Orientation::Horizontal, 5).unwrap();
[INFO] [stdout]     |                                                                          ^^^^^^ method not found in `gtk::Box`
[INFO] [stdout] 
[INFO] [stdout] 
[INFO] [stdout] error[E0599]: no method named `unwrap` found for struct `gtk::Box` in the current scope
[INFO] [stdout]    --> src/main.rs:142:74
[INFO] [stdout]     |
[INFO] [stdout] 142 |         let weekly_layout = gtk::Box::new(gtk::Orientation::Vertical, 5).unwrap();
[INFO] [stdout]     |                                                                          ^^^^^^ method not found in `gtk::Box`
[INFO] [stdout] 
[INFO] [stdout] 
[INFO] [stdout] error[E0599]: no method named `unwrap` found for struct `Separator` in the current scope
[INFO] [stdout]    --> src/main.rs:158:78
[INFO] [stdout]     |
[INFO] [stdout] 158 |         weekly_layout.add(&gtk::Separator::new(gtk::Orientation::Horizontal).unwrap());
[INFO] [stdout]     |                                                                              ^^^^^^ method not found in `Separator`
[INFO] [stdout] 
[INFO] [stdout] 
[INFO] [stdout] error[E0308]: mismatched types
[INFO] [stdout]    --> src/main.rs:167:50
[INFO] [stdout]     |
[INFO] [stdout] 167 |         let overtime_at_bodies = gtk::Label::new("@People list").unwrap();
[INFO] [stdout]     |                                                  ^^^^^^^^^^^^^^
[INFO] [stdout]     |                                                  |
[INFO] [stdout]     |                                                  expected enum `Option`, found `&str`
[INFO] [stdout]     |                                                  help: try using a variant of the expected enum: `Some("@People list")`
[INFO] [stdout]     |
[INFO] [stdout]     = note:   expected enum `Option<&str>`
[INFO] [stdout]             found reference `&'static str`
[INFO] [stdout] 
[INFO] [stdout] 
[INFO] [stdout] error[E0599]: no method named `unwrap` found for struct `Label` in the current scope
[INFO] [stdout]    --> src/main.rs:167:66
[INFO] [stdout]     |
[INFO] [stdout] 167 |         let overtime_at_bodies = gtk::Label::new("@People list").unwrap();
[INFO] [stdout]     |                                                                  ^^^^^^ method not found in `Label`
[INFO] [stdout] 
[INFO] [stdout] 
[INFO] [stdout] error[E0599]: no method named `unwrap` found for struct `gtk::Entry` in the current scope
[INFO] [stdout]    --> src/main.rs:174:53
[INFO] [stdout]     |
[INFO] [stdout] 174 |         let overtime_date_entry = gtk::Entry::new().unwrap();
[INFO] [stdout]     |                                                     ^^^^^^ method not found in `gtk::Entry`
[INFO] [stdout] 
[INFO] [stdout] 
[INFO] [stdout] error[E0599]: no method named `unwrap` found for struct `gtk::Entry` in the current scope
[INFO] [stdout]    --> src/main.rs:176:55
[INFO] [stdout]     |
[INFO] [stdout] 176 |         let overtime_reason_entry = gtk::Entry::new().unwrap();
[INFO] [stdout]     |                                                       ^^^^^^ method not found in `gtk::Entry`
[INFO] [stdout] 
[INFO] [stdout] 
[INFO] [stdout] error[E0599]: no method named `unwrap` found for struct `gtk::Entry` in the current scope
[INFO] [stdout]    --> src/main.rs:178:60
[INFO] [stdout]     |
[INFO] [stdout] 178 |         let overtime_finish_time_entry = gtk::Entry::new().unwrap();
[INFO] [stdout]     |                                                            ^^^^^^ method not found in `gtk::Entry`
[INFO] [stdout] 
[INFO] [stdout] 
[INFO] [stdout] error[E0599]: no method named `unwrap` found for struct `gtk::Entry` in the current scope
[INFO] [stdout]    --> src/main.rs:180:50
[INFO] [stdout]     |
[INFO] [stdout] 180 |         let overtime_at_list = gtk::Entry::new().unwrap();
[INFO] [stdout]     |                                                  ^^^^^^ method not found in `gtk::Entry`
[INFO] [stdout] 
[INFO] [stdout] 
[INFO] [stdout] error[E0599]: no function or associated item named `new_with_label` found for struct `gtk::Button` in the current scope
[INFO] [stdout]    --> src/main.rs:183:48
[INFO] [stdout]     |
[INFO] [stdout] 183 |         let btn_overtime_submit = gtk::Button::new_with_label("Submit").unwrap();
[INFO] [stdout]     |                                                ^^^^^^^^^^^^^^
[INFO] [stdout]     |                                                |
[INFO] [stdout]     |                                                function or associated item not found in `gtk::Button`
[INFO] [stdout]     |                                                help: there is an associated function with a similar name: `with_label`
[INFO] [stdout] 
[INFO] [stdout] 
[INFO] [stdout] error[E0599]: no method named `unwrap` found for struct `gtk::Box` in the current scope
[INFO] [stdout]    --> src/main.rs:185:81
[INFO] [stdout]     |
[INFO] [stdout] 185 |         let btns_overtime_layout = gtk::Box::new(gtk::Orientation::Vertical, 5).unwrap();
[INFO] [stdout]     |                                                                                 ^^^^^^ method not found in `gtk::Box`
[INFO] [stdout] 
[INFO] [stdout] 
[INFO] [stdout] error[E0599]: no method named `unwrap` found for struct `gtk::Box` in the current scope
[INFO] [stdout]    --> src/main.rs:188:76
[INFO] [stdout]     |
[INFO] [stdout] 188 |         let overtime_layout = gtk::Box::new(gtk::Orientation::Vertical, 5).unwrap();
[INFO] [stdout]     |                                                                            ^^^^^^ method not found in `gtk::Box`
[INFO] [stdout] 
[INFO] [stdout] 
[INFO] [stdout] error[E0599]: no method named `unwrap` found for struct `Separator` in the current scope
[INFO] [stdout]    --> src/main.rs:198:80
[INFO] [stdout]     |
[INFO] [stdout] 198 |         overtime_layout.add(&gtk::Separator::new(gtk::Orientation::Horizontal).unwrap());
[INFO] [stdout]     |                                                                                ^^^^^^ method not found in `Separator`
[INFO] [stdout] 
[INFO] [stdout] 
[INFO] [stdout] error[E0308]: mismatched types
[INFO] [stdout]    --> src/main.rs:161:45
[INFO] [stdout]     |
[INFO] [stdout] 161 |         let overtime_date = gtk::Label::new("Date").unwrap();
[INFO] [stdout]     |                                             ^^^^^^
[INFO] [stdout]     |                                             |
[INFO] [stdout]     |                                             expected enum `Option`, found `&str`
[INFO] [stdout]     |                                             help: try using a variant of the expected enum: `Some("Date")`
[INFO] [stdout]     |
[INFO] [stdout]     = note:   expected enum `Option<&str>`
[INFO] [stdout]             found reference `&'static str`
[INFO] [stdout] 
[INFO] [stdout] 
[INFO] [stdout] error[E0599]: no method named `unwrap` found for struct `Label` in the current scope
[INFO] [stdout]    --> src/main.rs:161:53
[INFO] [stdout]     |
[INFO] [stdout] 161 |         let overtime_date = gtk::Label::new("Date").unwrap();
[INFO] [stdout]     |                                                     ^^^^^^ method not found in `Label`
[INFO] [stdout] 
[INFO] [stdout] 
[INFO] [stdout] error[E0308]: mismatched types
[INFO] [stdout]    --> src/main.rs:201:44
[INFO] [stdout]     |
[INFO] [stdout] 201 |         let label_weekly = gtk::Label::new("Weekly").unwrap();
[INFO] [stdout]     |                                            ^^^^^^^^
[INFO] [stdout]     |                                            |
[INFO] [stdout]     |                                            expected enum `Option`, found `&str`
[INFO] [stdout]     |                                            help: try using a variant of the expected enum: `Some("Weekly")`
[INFO] [stdout]     |
[INFO] [stdout]     = note:   expected enum `Option<&str>`
[INFO] [stdout]             found reference `&'static str`
[INFO] [stdout] 
[INFO] [stdout] 
[INFO] [stdout] error[E0599]: no method named `unwrap` found for struct `Label` in the current scope
[INFO] [stdout]    --> src/main.rs:201:54
[INFO] [stdout]     |
[INFO] [stdout] 201 |         let label_weekly = gtk::Label::new("Weekly").unwrap();
[INFO] [stdout]     |                                                      ^^^^^^ method not found in `Label`
[INFO] [stdout] 
[INFO] [stdout] 
[INFO] [stdout] error[E0308]: mismatched types
[INFO] [stdout]    --> src/main.rs:163:47
[INFO] [stdout]     |
[INFO] [stdout] 163 |         let overtime_reason = gtk::Label::new("Reason").unwrap();
[INFO] [stdout]     |                                               ^^^^^^^^
[INFO] [stdout]     |                                               |
[INFO] [stdout]     |                                               expected enum `Option`, found `&str`
[INFO] [stdout]     |                                               help: try using a variant of the expected enum: `Some("Reason")`
[INFO] [stdout]     |
[INFO] [stdout]     = note:   expected enum `Option<&str>`
[INFO] [stdout]             found reference `&'static str`
[INFO] [stdout] 
[INFO] [stdout] 
[INFO] [stdout] error[E0599]: no method named `unwrap` found for struct `Label` in the current scope
[INFO] [stdout]    --> src/main.rs:163:57
[INFO] [stdout]     |
[INFO] [stdout] 163 |         let overtime_reason = gtk::Label::new("Reason").unwrap();
[INFO] [stdout]     |                                                         ^^^^^^ method not found in `Label`
[INFO] [stdout] 
[INFO] [stdout] 
[INFO] [stdout] error[E0308]: mismatched types
[INFO] [stdout]    --> src/main.rs:202:46
[INFO] [stdout]     |
[INFO] [stdout] 202 |         let label_overtime = gtk::Label::new("Overtime").unwrap();
[INFO] [stdout]     |                                              ^^^^^^^^^^
[INFO] [stdout]     |                                              |
[INFO] [stdout]     |                                              expected enum `Option`, found `&str`
[INFO] [stdout]     |                                              help: try using a variant of the expected enum: `Some("Overtime")`
[INFO] [stdout]     |
[INFO] [stdout]     = note:   expected enum `Option<&str>`
[INFO] [stdout]             found reference `&'static str`
[INFO] [stdout] 
[INFO] [stdout] 
[INFO] [stdout] error[E0599]: no method named `unwrap` found for struct `Label` in the current scope
[INFO] [stdout]    --> src/main.rs:202:58
[INFO] [stdout]     |
[INFO] [stdout] 202 |         let label_overtime = gtk::Label::new("Overtime").unwrap();
[INFO] [stdout]     |                                                          ^^^^^^ method not found in `Label`
[INFO] [stdout] 
[INFO] [stdout] 
[INFO] [stdout] error[E0308]: mismatched types
[INFO] [stdout]    --> src/main.rs:165:52
[INFO] [stdout]     |
[INFO] [stdout] 165 |         let overtime_finish_time = gtk::Label::new("Finish time").unwrap();
[INFO] [stdout]     |                                                    ^^^^^^^^^^^^^
[INFO] [stdout]     |                                                    |
[INFO] [stdout]     |                                                    expected enum `Option`, found `&str`
[INFO] [stdout]     |                                                    help: try using a variant of the expected enum: `Some("Finish time")`
[INFO] [stdout]     |
[INFO] [stdout]     = note:   expected enum `Option<&str>`
[INFO] [stdout]             found reference `&'static str`
[INFO] [stdout] 
[INFO] [stdout] 
[INFO] [stdout] error[E0599]: no method named `unwrap` found for struct `Label` in the current scope
[INFO] [stdout]    --> src/main.rs:165:67
[INFO] [stdout]     |
[INFO] [stdout] 165 |         let overtime_finish_time = gtk::Label::new("Finish time").unwrap();
[INFO] [stdout]     |                                                                   ^^^^^^ method not found in `Label`
[INFO] [stdout] 
[INFO] [stdout] 
[INFO] [stdout] error[E0308]: mismatched types
[INFO] [stdout]    --> src/main.rs:208:43
[INFO] [stdout]     |
[INFO] [stdout] 208 |         let label_uname = gtk::Label::new("Username").unwrap();
[INFO] [stdout]     |                                           ^^^^^^^^^^
[INFO] [stdout]     |                                           |
[INFO] [stdout]     |                                           expected enum `Option`, found `&str`
[INFO] [stdout]     |                                           help: try using a variant of the expected enum: `Some("Username")`
[INFO] [stdout]     |
[INFO] [stdout]     = note:   expected enum `Option<&str>`
[INFO] [stdout]             found reference `&'static str`
[INFO] [stdout] 
[INFO] [stdout] 
[INFO] [stdout] error[E0599]: no method named `unwrap` found for struct `Label` in the current scope
[INFO] [stdout]    --> src/main.rs:208:55
[INFO] [stdout]     |
[INFO] [stdout] 208 |         let label_uname = gtk::Label::new("Username").unwrap();
[INFO] [stdout]     |                                                       ^^^^^^ method not found in `Label`
[INFO] [stdout] 
[INFO] [stdout] 
[INFO] [stdout] error[E0308]: mismatched types
[INFO] [stdout]    --> src/main.rs:167:50
[INFO] [stdout]     |
[INFO] [stdout] 167 |         let overtime_at_bodies = gtk::Label::new("@People list").unwrap();
[INFO] [stdout]     |                                                  ^^^^^^^^^^^^^^
[INFO] [stdout]     |                                                  |
[INFO] [stdout]     |                                                  expected enum `Option`, found `&str`
[INFO] [stdout]     |                                                  help: try using a variant of the expected enum: `Some("@People list")`
[INFO] [stdout]     |
[INFO] [stdout]     = note:   expected enum `Option<&str>`
[INFO] [stdout]             found reference `&'static str`
[INFO] [stdout] 
[INFO] [stdout] 
[INFO] [stdout] error[E0599]: no method named `unwrap` found for struct `Label` in the current scope
[INFO] [stdout]    --> src/main.rs:167:66
[INFO] [stdout]     |
[INFO] [stdout] 167 |         let overtime_at_bodies = gtk::Label::new("@People list").unwrap();
[INFO] [stdout]     |                                                                  ^^^^^^ method not found in `Label`
[INFO] [stdout] 
[INFO] [stdout] 
[INFO] [stdout] error[E0599]: no method named `unwrap` found for struct `gtk::Entry` in the current scope
[INFO] [stdout]    --> src/main.rs:174:53
[INFO] [stdout]     |
[INFO] [stdout] 174 |         let overtime_date_entry = gtk::Entry::new().unwrap();
[INFO] [stdout]     |                                                     ^^^^^^ method not found in `gtk::Entry`
[INFO] [stdout] 
[INFO] [stdout] 
[INFO] [stdout] error[E0599]: no method named `unwrap` found for struct `gtk::Entry` in the current scope
[INFO] [stdout]    --> src/main.rs:176:55
[INFO] [stdout]     |
[INFO] [stdout] 176 |         let overtime_reason_entry = gtk::Entry::new().unwrap();
[INFO] [stdout]     |                                                       ^^^^^^ method not found in `gtk::Entry`
[INFO] [stdout] 
[INFO] [stdout] 
[INFO] [stdout] error[E0599]: no method named `unwrap` found for struct `gtk::Entry` in the current scope
[INFO] [stdout]    --> src/main.rs:178:60
[INFO] [stdout]     |
[INFO] [stdout] 178 |         let overtime_finish_time_entry = gtk::Entry::new().unwrap();
[INFO] [stdout]     |                                                            ^^^^^^ method not found in `gtk::Entry`
[INFO] [stdout] 
[INFO] [stdout] 
[INFO] [stdout] error[E0599]: no method named `unwrap` found for struct `gtk::Entry` in the current scope
[INFO] [stdout]    --> src/main.rs:180:50
[INFO] [stdout]     |
[INFO] [stdout] 180 |         let overtime_at_list = gtk::Entry::new().unwrap();
[INFO] [stdout]     |                                                  ^^^^^^ method not found in `gtk::Entry`
[INFO] [stdout] 
[INFO] [stdout] 
[INFO] [stdout] error[E0599]: no function or associated item named `new_with_label` found for struct `gtk::Button` in the current scope
[INFO] [stdout]    --> src/main.rs:183:48
[INFO] [stdout]     |
[INFO] [stdout] 183 |         let btn_overtime_submit = gtk::Button::new_with_label("Submit").unwrap();
[INFO] [stdout]     |                                                ^^^^^^^^^^^^^^
[INFO] [stdout]     |                                                |
[INFO] [stdout]     |                                                function or associated item not found in `gtk::Button`
[INFO] [stdout]     |                                                help: there is an associated function with a similar name: `with_label`
[INFO] [stdout] 
[INFO] [stdout] 
[INFO] [stdout] error[E0599]: no method named `unwrap` found for struct `gtk::Box` in the current scope
[INFO] [stdout]    --> src/main.rs:185:81
[INFO] [stdout]     |
[INFO] [stdout] 185 |         let btns_overtime_layout = gtk::Box::new(gtk::Orientation::Vertical, 5).unwrap();
[INFO] [stdout]     |                                                                                 ^^^^^^ method not found in `gtk::Box`
[INFO] [stdout] 
[INFO] [stdout] 
[INFO] [stdout] error[E0599]: no method named `unwrap` found for struct `gtk::Box` in the current scope
[INFO] [stdout]    --> src/main.rs:188:76
[INFO] [stdout]     |
[INFO] [stdout] 188 |         let overtime_layout = gtk::Box::new(gtk::Orientation::Vertical, 5).unwrap();
[INFO] [stdout]     |                                                                            ^^^^^^ method not found in `gtk::Box`
[INFO] [stdout] 
[INFO] [stdout] 
[INFO] [stdout] error[E0599]: no method named `unwrap` found for struct `Separator` in the current scope
[INFO] [stdout]    --> src/main.rs:198:80
[INFO] [stdout]     |
[INFO] [stdout] 198 |         overtime_layout.add(&gtk::Separator::new(gtk::Orientation::Horizontal).unwrap());
[INFO] [stdout]     |                                                                                ^^^^^^ method not found in `Separator`
[INFO] [stdout] 
[INFO] [stdout] 
[INFO] [stdout] error[E0308]: mismatched types
[INFO] [stdout]    --> src/main.rs:209:42
[INFO] [stdout]     |
[INFO] [stdout] 209 |         let label_upwd = gtk::Label::new("Password").unwrap();
[INFO] [stdout]     |                                          ^^^^^^^^^^
[INFO] [stdout]     |                                          |
[INFO] [stdout]     |                                          expected enum `Option`, found `&str`
[INFO] [stdout]     |                                          help: try using a variant of the expected enum: `Some("Password")`
[INFO] [stdout]     |
[INFO] [stdout]     = note:   expected enum `Option<&str>`
[INFO] [stdout]             found reference `&'static str`
[INFO] [stdout] 
[INFO] [stdout] 
[INFO] [stdout] error[E0599]: no method named `unwrap` found for struct `Label` in the current scope
[INFO] [stdout]    --> src/main.rs:209:54
[INFO] [stdout]     |
[INFO] [stdout] 209 |         let label_upwd = gtk::Label::new("Password").unwrap();
[INFO] [stdout]     |                                                      ^^^^^^ method not found in `Label`
[INFO] [stdout] 
[INFO] [stdout] 
[INFO] [stdout] error[E0599]: no method named `unwrap` found for struct `gtk::Entry` in the current scope
[INFO] [stdout]    --> src/main.rs:210:43
[INFO] [stdout]     |
[INFO] [stdout] 210 |         let user_name = gtk::Entry::new().unwrap();
[INFO] [stdout]     |                                           ^^^^^^ method not found in `gtk::Entry`
[INFO] [stdout] 
[INFO] [stdout] 
[INFO] [stdout] error[E0599]: no method named `unwrap` found for struct `gtk::Entry` in the current scope
[INFO] [stdout]    --> src/main.rs:211:47
[INFO] [stdout]     |
[INFO] [stdout] 211 |         let user_password = gtk::Entry::new().unwrap();
[INFO] [stdout]     |                                               ^^^^^^ method not found in `gtk::Entry`
[INFO] [stdout] 
[INFO] [stdout] 
[INFO] [stdout] error[E0599]: no method named `unwrap` found for struct `gtk::Box` in the current scope
[INFO] [stdout]    --> src/main.rs:214:76
[INFO] [stdout]     |
[INFO] [stdout] 214 |         let centeral_layout = gtk::Box::new(gtk::Orientation::Vertical, 5).unwrap();
[INFO] [stdout]     |                                                                            ^^^^^^ method not found in `gtk::Box`
[INFO] [stdout] 
[INFO] [stdout] 
[INFO] [stdout] error[E0599]: no method named `unwrap` found for struct `gtk::Window` in the current scope
[INFO] [stdout]    --> src/main.rs:222:71
[INFO] [stdout]     |
[INFO] [stdout] 222 |         let main_window = gtk::Window::new(gtk::WindowType::Toplevel).unwrap();
[INFO] [stdout]     |                                                                       ^^^^^^ method not found in `gtk::Window`
[INFO] [stdout] 
[INFO] [stdout] 
[INFO] [stdout] error: aborting due to 62 previous errors; 5 warnings emitted
[INFO] [stdout] 
[INFO] [stdout] 
[INFO] [stdout] Some errors have detailed explanations: E0308, E0412, E0425, E0433, E0599, E0603.
[INFO] [stdout] 
[INFO] [stdout] For more information about an error, try `rustc --explain E0308`.
[INFO] [stdout] 
[INFO] [stderr] error: could not compile `tower-weekly-gui`.
[INFO] [stderr] 
[INFO] [stderr] To learn more, run the command again with --verbose.
[INFO] [stderr] warning: build failed, waiting for other jobs to finish...
[INFO] [stdout] error[E0308]: mismatched types
[INFO] [stdout]    --> src/main.rs:201:44
[INFO] [stdout]     |
[INFO] [stdout] 201 |         let label_weekly = gtk::Label::new("Weekly").unwrap();
[INFO] [stdout]     |                                            ^^^^^^^^
[INFO] [stdout]     |                                            |
[INFO] [stdout]     |                                            expected enum `Option`, found `&str`
[INFO] [stdout]     |                                            help: try using a variant of the expected enum: `Some("Weekly")`
[INFO] [stdout]     |
[INFO] [stdout]     = note:   expected enum `Option<&str>`
[INFO] [stdout]             found reference `&'static str`
[INFO] [stdout] 
[INFO] [stdout] 
[INFO] [stdout] error[E0599]: no method named `unwrap` found for struct `Label` in the current scope
[INFO] [stdout]    --> src/main.rs:201:54
[INFO] [stdout]     |
[INFO] [stdout] 201 |         let label_weekly = gtk::Label::new("Weekly").unwrap();
[INFO] [stdout]     |                                                      ^^^^^^ method not found in `Label`
[INFO] [stdout] 
[INFO] [stdout] 
[INFO] [stdout] error[E0308]: mismatched types
[INFO] [stdout]    --> src/main.rs:202:46
[INFO] [stdout]     |
[INFO] [stdout] 202 |         let label_overtime = gtk::Label::new("Overtime").unwrap();
[INFO] [stdout]     |                                              ^^^^^^^^^^
[INFO] [stdout]     |                                              |
[INFO] [stdout]     |                                              expected enum `Option`, found `&str`
[INFO] [stdout]     |                                              help: try using a variant of the expected enum: `Some("Overtime")`
[INFO] [stdout]     |
[INFO] [stdout]     = note:   expected enum `Option<&str>`
[INFO] [stdout]             found reference `&'static str`
[INFO] [stdout] 
[INFO] [stdout] 
[INFO] [stdout] error[E0599]: no method named `unwrap` found for struct `Label` in the current scope
[INFO] [stdout]    --> src/main.rs:202:58
[INFO] [stdout]     |
[INFO] [stdout] 202 |         let label_overtime = gtk::Label::new("Overtime").unwrap();
[INFO] [stdout]     |                                                          ^^^^^^ method not found in `Label`
[INFO] [stdout] 
[INFO] [stdout] 
[INFO] [stdout] error[E0308]: mismatched types
[INFO] [stdout]    --> src/main.rs:208:43
[INFO] [stdout]     |
[INFO] [stdout] 208 |         let label_uname = gtk::Label::new("Username").unwrap();
[INFO] [stdout]     |                                           ^^^^^^^^^^
[INFO] [stdout]     |                                           |
[INFO] [stdout]     |                                           expected enum `Option`, found `&str`
[INFO] [stdout]     |                                           help: try using a variant of the expected enum: `Some("Username")`
[INFO] [stdout]     |
[INFO] [stdout]     = note:   expected enum `Option<&str>`
[INFO] [stdout]             found reference `&'static str`
[INFO] [stdout] 
[INFO] [stdout] 
[INFO] [stdout] error[E0599]: no method named `unwrap` found for struct `Label` in the current scope
[INFO] [stdout]    --> src/main.rs:208:55
[INFO] [stdout]     |
[INFO] [stdout] 208 |         let label_uname = gtk::Label::new("Username").unwrap();
[INFO] [stdout]     |                                                       ^^^^^^ method not found in `Label`
[INFO] [stdout] 
[INFO] [stdout] 
[INFO] [stdout] error[E0308]: mismatched types
[INFO] [stdout]    --> src/main.rs:209:42
[INFO] [stdout]     |
[INFO] [stdout] 209 |         let label_upwd = gtk::Label::new("Password").unwrap();
[INFO] [stdout]     |                                          ^^^^^^^^^^
[INFO] [stdout]     |                                          |
[INFO] [stdout]     |                                          expected enum `Option`, found `&str`
[INFO] [stdout]     |                                          help: try using a variant of the expected enum: `Some("Password")`
[INFO] [stdout]     |
[INFO] [stdout]     = note:   expected enum `Option<&str>`
[INFO] [stdout]             found reference `&'static str`
[INFO] [stdout] 
[INFO] [stdout] 
[INFO] [stdout] error[E0599]: no method named `unwrap` found for struct `Label` in the current scope
[INFO] [stdout]    --> src/main.rs:209:54
[INFO] [stdout]     |
[INFO] [stdout] 209 |         let label_upwd = gtk::Label::new("Password").unwrap();
[INFO] [stdout]     |                                                      ^^^^^^ method not found in `Label`
[INFO] [stdout] 
[INFO] [stdout] 
[INFO] [stdout] error[E0599]: no method named `unwrap` found for struct `gtk::Entry` in the current scope
[INFO] [stdout]    --> src/main.rs:210:43
[INFO] [stdout]     |
[INFO] [stdout] 210 |         let user_name = gtk::Entry::new().unwrap();
[INFO] [stdout]     |                                           ^^^^^^ method not found in `gtk::Entry`
[INFO] [stdout] 
[INFO] [stdout] 
[INFO] [stdout] error[E0599]: no method named `unwrap` found for struct `gtk::Entry` in the current scope
[INFO] [stdout]    --> src/main.rs:211:47
[INFO] [stdout]     |
[INFO] [stdout] 211 |         let user_password = gtk::Entry::new().unwrap();
[INFO] [stdout]     |                                               ^^^^^^ method not found in `gtk::Entry`
[INFO] [stdout] 
[INFO] [stdout] 
[INFO] [stdout] error[E0599]: no method named `unwrap` found for struct `gtk::Box` in the current scope
[INFO] [stdout]    --> src/main.rs:214:76
[INFO] [stdout]     |
[INFO] [stdout] 214 |         let centeral_layout = gtk::Box::new(gtk::Orientation::Vertical, 5).unwrap();
[INFO] [stdout]     |                                                                            ^^^^^^ method not found in `gtk::Box`
[INFO] [stdout] 
[INFO] [stdout] 
[INFO] [stdout] error[E0599]: no method named `unwrap` found for struct `gtk::Window` in the current scope
[INFO] [stdout]    --> src/main.rs:222:71
[INFO] [stdout]     |
[INFO] [stdout] 222 |         let main_window = gtk::Window::new(gtk::WindowType::Toplevel).unwrap();
[INFO] [stdout]     |                                                                       ^^^^^^ method not found in `gtk::Window`
[INFO] [stdout] 
[INFO] [stdout] 
[INFO] [stdout] error: aborting due to 63 previous errors; 5 warnings emitted
[INFO] [stdout] 
[INFO] [stdout] 
[INFO] [stdout] Some errors have detailed explanations: E0308, E0412, E0425, E0433, E0599, E0603.
[INFO] [stdout] 
[INFO] [stdout] For more information about an error, try `rustc --explain E0308`.
[INFO] [stdout] 
[INFO] [stderr] error: build failed
[INFO] running `Command { std: "docker" "inspect" "93282dd112f343b739ab254bb395e1250e852ca78811d2cfb056e86d6198e3ae", kill_on_drop: false }`
[INFO] running `Command { std: "docker" "rm" "-f" "93282dd112f343b739ab254bb395e1250e852ca78811d2cfb056e86d6198e3ae", kill_on_drop: false }`
[INFO] [stdout] 93282dd112f343b739ab254bb395e1250e852ca78811d2cfb056e86d6198e3ae
